= -51*f**2 + 10*f - 5. Let m(b) = 17*b**2 - 3*b + 2. Let x(r) = 2*l(r) + 7*m(r). Let t be x(2). What is the tens digit of t*(-1 + 21/15)?
2
Let l(b) = b**2 + 11*b + 14. Let r = -26 - -18. Let w be ((-3)/(-2))/(1/r). What is the units digit of l(w)?
6
Let f(a) = a**3 - a**2 + 24*a + 10. What is the hundreds digit of f(8)?
6
Let a(n) be the third derivative of -n**6/120 - n**5/15 + n**4/4 + 13*n**3/6 - 16*n**2. What is the tens digit of a(-6)?
4
Let b(f) = 3*f - 2. Let q = -12 + 18. Let y be b(q). What is the tens digit of (-6 - -8)/(1/y)?
3
Suppose -3*k = -3*w - 33, -2*k + 0*w + 37 = -5*w. Let g be (2 + 0 + -3)*k. What is the units digit of 4/(-6) + (-16)/g?
2
Let i = 10 - 8. Let x(b) = -b**3 + 2*b**2 + 2*b - 2. Let f be x(i). Suppose f*s - 1 = m, -3*s + 0 + 1 = -2*m. What is the units digit of m?
1
Let j = 824 + -468. What is the units digit of j?
6
Let q(i) = i**2 - 1. Let a(t) = t**3 + 13*t**2 - 12*t - 9. Let o(h) = -a(h) + 5*q(h). What is the hundreds digit of o(-11)?
2
What is the hundreds digit of (-118)/(-38) - 3 - (-351036)/76?
6
Let y = 1010 - 714. Suppose 5*h - 851 + y = 0. What is the hundreds digit of h?
1
Suppose -y + 53 = 7. Let m = 107 - y. Suppose -4*b + 37 + 5 = -x, 5*b = -3*x + m. What is the tens digit of b?
1
Let h(x) = x**3 - 2*x - 1. Let l = 11 - 9. Let s be h(l). Suppose -p = -2*p + s. What is the units digit of p?
3
Let u(l) = 4*l - 7. Let c(p) = 8*p - 14. Let m(x) = 4*c(x) - 7*u(x). What is the tens digit of m(10)?
3
Let z = -30 + 32. Suppose -24 = -3*a - n, 2*a + a - z*n - 15 = 0. Let h(v) = 2*v**2 - 11*v + 5. What is the tens digit of h(a)?
2
Let d(p) = 2*p**2 + 4. Let r = 18 - 36. Let t be ((-2)/2)/((-6)/r). What is the units digit of d(t)?
2
Let p(f) = 3*f**2 - 2*f - 5. Let x be p(4). Let m(d) = -d**3 - 20*d**2 + 43*d + 28. Let y be m(-22). Let t = y - x. What is the units digit of t?
5
Let p(q) be the second derivative of 8*q + 0 + 1/3*q**4 + 1/6*q**3 - q**2. What is the units digit of p(2)?
6
Let n(z) = -4*z**3 - z - 1. Let q be n(-1). Let l be (0 + (-2)/(-4))*q. What is the units digit of (6/l)/(-3) + 50?
9
What is the units digit of (-477)/(-81) + -6 + (-44444)/(-18)?
9
Suppose 19*f - 24*f + 2420 = 5*c, 4*c = -3*f + 1449. What is the tens digit of f?
8
Let o(k) = -k**2 + 16*k - 8. Suppose -m = 4*m - 4*y + 21, 4*y = 4*m + 20. Let w be m/3 - 387/(-27). What is the units digit of o(w)?
0
Let p = 864 + -557. What is the tens digit of p?
0
Suppose 184 = 4*b + 5*y - 146, 0 = 4*b - 5*y - 350. What is the units digit of b?
5
Let i(f) = f**3 - 12*f**2 + 25*f + 20. What is the tens digit of i(16)?
4
Let p(y) = 3*y**2 + 3*y. Let v be p(-2). Suppose 2*d - v = -3*g, -3*g - 3*d + 6 = -8*d. What is the units digit of g?
2
Suppose 8 + 0 = b. Suppose -5*q + 4*u = 8, u + 3*u - b = 0. Suppose -5*k - a + 86 = q, a = -2*k + 3*a + 44. What is the tens digit of k?
1
Suppose 0 = -4*n - n, 5*n = 3*g - 189. Let r = g + -35. Let z = 50 - r. What is the units digit of z?
2
Let l(v) = 819*v - 41. What is the hundreds digit of l(3)?
4
Suppose -a - 2*n = -0 - 3, 8 = a - 3*n. Suppose 0 = a*m - 3 + 8. What is the tens digit of (-4 + 7)/(m/(-7))?
2
Suppose g = 5*g - 8, 0 = -5*m + g + 4428. What is the units digit of m?
6
Let l(h) = 38*h + 44. Let k(j) = 13*j + 15. Let m be 15 + 3*(-6)/(-9). Let d(u) = m*k(u) - 6*l(u). What is the units digit of d(-10)?
1
Let v be (17 - 16) + (-1 - -1). What is the units digit of v*-2 + 294/2?
5
Let z(y) = 2*y - 2. Let g be z(8). Let b = 92 - g. Suppose 0 = -a + 4*a - b. What is the tens digit of a?
2
Suppose 3*f + 5 = 2. Let n be (-4)/(1/f) + -1. Suppose 20 = h + m, -2*m - 2*m + 56 = n*h. What is the tens digit of h?
2
Let d be (-1*(-1)/(-3))/(21/(-39438)). Suppose d + 388 = 13*v. What is the units digit of v?
8
Let m(b) = -b**3 + 3*b**2 - b - 299. Let q be m(0). Let v = q - -421. What is the units digit of v?
2
Let d = 2154 + -1195. What is the tens digit of d?
5
Let r = 56 - 56. Let m = -95 + 160. Suppose r = -4*y + 189 - m. What is the tens digit of y?
3
What is the hundreds digit of (-6)/18*(-4476)/4?
3
Suppose 5*n - 35 = 5*z, 2*z - 5*n + 1 = -28. Let q(u) = -77*u. What is the tens digit of q(z)?
5
Let x(w) = 3*w - 19. Let q be 0 + 1/(-4) + (-1023)/(-124). What is the units digit of x(q)?
5
Let q(r) = -6*r - 19 + r - 2*r + 3*r. What is the units digit of q(-8)?
3
Let p be (-10 - -9)/((-1)/(-113)). Let s = p - -41. Let r = s - -104. What is the units digit of r?
2
Suppose 4*z + 152 = -0*z. Let s = 21 + z. Let f = s - -39. What is the units digit of f?
2
Suppose 12*j - 2422 - 1574 = 0. What is the units digit of j?
3
What is the tens digit of (-42)/(-126) - (-394)/6?
6
Suppose 652 + 76 = 2*f. What is the tens digit of f?
6
Suppose 5*n + n = -1260. Let x = -95 - n. What is the units digit of x?
5
Let i = -1960 - -7637. What is the units digit of i?
7
Let n(q) = 1. Let p(a) = -5*a**2 + 1 - 6 + 6 + 1 + a**3 - 5*a. Let d(t) = -3*n(t) - p(t). What is the units digit of d(4)?
1
Let t be (-6693)/(-12) + 4*1/16. Suppose 0 = 2*z, 3*p + 0*p + 4*z = t. What is the tens digit of p?
8
Suppose 4*n - 30 + 223 = 3*m, -4*m = 5*n - 247. What is the tens digit of m?
6
Suppose -14*z + 5*z = -36. Suppose 4*c = x + 3*c - 2, -2*x + 4 = z*c. What is the units digit of x?
2
Let s(t) = -196*t + 17. What is the tens digit of s(-2)?
0
Let x(i) = i - 5. Let d be x(8). Suppose -d*b + 192 = b. Suppose -2*g + 6*g - b = 0. What is the units digit of g?
2
Let y(v) = 4*v**2 + 9*v + 5. Suppose 2*i = -8, -h - 3*i + 6 - 11 = 0. What is the tens digit of y(h)?
6
Let p be 53*1 + -24 + 29. Let z = 84 - p. What is the tens digit of z?
2
Let t(g) = -g**3 + 15*g**2 + 5*g + 6. What is the hundreds digit of t(11)?
5
Let y be -1*4 + (455 - -9). Suppose 2*b = 62 + y. What is the units digit of b?
1
Suppose -29*m - 15*m + 65648 = 0. What is the tens digit of m?
9
Let v = -284 - -289. Let n be (8/(-10))/(1/(-5)). Suppose 5*d + 85 = n*u, 0*u - v*d - 25 = -u. What is the tens digit of u?
2
Let f(t) = -21*t + 55. What is the tens digit of f(-42)?
3
Let x(h) = 6*h + 10. Let o(g) = -4*g**3 - g**2 - g. Let v be o(-1). Suppose -2*c - v*l = 10, c + 3 = -5*l - 17. What is the units digit of x(c)?
0
Suppose -3*p - 6*x + 40 = -2*x, -4*x = -4*p + 16. Suppose -22*u + p = -18*u. What is the units digit of 61 + (3 - 9)/u?
8
Suppose 2*q = -4*x + 16, q + q = -3*x + 12. Suppose -5*y - x*p + 32 = -3*y, -5*p + 7 = -3*y. Suppose 2*f + 36 = y*f. What is the units digit of f?
9
Suppose 20 = -2*x - 42. Let j = 0 - x. What is the units digit of j?
1
Let o = 344 - -938. What is the hundreds digit of o?
2
Suppose -s - 4*s + 20 = 0, 4*q + s = -84. Let f = -18 - q. Suppose -f*n - 60 = -y - 0*y, y + 2*n = 36. What is the units digit of y?
4
Suppose -5*u + 653 + 699 = 3*t, t - 5*u = 484. What is the tens digit of t/12 - 1/4?
3
Let r(f) = -30*f - 1. What is the units digit of r(-6)?
9
Let v(o) = -3*o - 19. Let t be v(-8). Suppose 33 = 4*k + k + 4*q, -t*q - 15 = -5*k. Suppose 0 = -k*p + 131 - 21. What is the units digit of p?
2
Suppose -4*x = -5*o - 2507, -2*x + x + o = -627. What is the hundreds digit of x?
6
Suppose -9*n + 5*n = 5*r - 1412, 0 = -2*r - 4*n + 572. What is the hundreds digit of r?
2
Let r(h) = -2*h**3 - 55*h**2 + 17*h - 69. What is the tens digit of r(-28)?
3
Let n(c) be the third derivative of c**5/60 - c**4/2 + 19*c**3/6 - 25*c**2. What is the units digit of n(11)?
8
Let q = -2675 + 2710. What is the units digit of q?
5
Let b be (132/(-18))/((-2)/3). Suppose b*g - 7*g = 2*w + 790, 6 = 2*w. What is the hundreds digit of g?
1
Suppose -2*g + 5*g = -4*r + 20, 10 = 2*r + 5*g. Suppose 3*v - 8*v - 23 = -a, 4*a = -r*v + 17. What is the units digit of 3/5*(a - 3)?
3
Suppose g - 18 = 4*g. Let i be -2 + g*16/(-6). Suppose -i = -m + 1. What is the units digit of m?
5
Suppose 0 = -i - 5*s + 26, -3*i + 25 = 4*s + 2. What is the tens digit of -3 + i/(2/124)?
5
Suppose w + 2*w = o + 210, 4*w + 4*o = 264. Let m = w + -20. What is the units digit of m?
9
Let o = 43 + -35. Let n(z) = -z**3 + 9*z**2 + 10*z + 23. What is the units digit of n(o)?
7
Let f be (-4)/(-8)*-10 - 12. Let c be (-3 + 2 - -2)*60. Let o = f + c. What is the units digit of o?
3
Let n(c) = c**2 + 10*c - 7. Let k be n(-17). Let t = k + 116. What is the tens digit of t?
2
Suppose 0 = 4*q + y - 13, -q - q + 2*y = -14. Supp